mmon divisor of 567 and o.
21
Let p = 6 - 2. Suppose -p = 2*v, -3*y + 6*v - 2*v = -62. Let g = -118935 + 118971. What is the greatest common divisor of y and g?
18
Let x(n) = 3*n**2 - 26*n + 9. Let l be x(10). Suppose -17*i + 13*i = -28. Calculate the greatest common divisor of l and i.
7
Suppose 0 = -4*y + 3*c + 4297, y - 11*c - 1099 = -13*c. Calculate the highest common factor of 437 and y.
23
Suppose a - 5 + 3 = 0. Let p(d) = -21*d + 21 + 10*d**2 + d**a - d**3 + 11*d. Let t be p(10). What is the highest common divisor of 189 and t?
21
Suppose 20*z - 24*z = -3*h + 406, 0 = -5*h + 3*z + 695. Calculate the highest common factor of 6816 and h.
142
Let h be ((260/30)/1 + -6)*15. Calculate the greatest common factor of 7 and h.
1
Suppose -12*g + 3*g = -36. Let x be 14/(-6) + g/12 + 10. What is the highest common factor of x and 32?
8
Let g = -31251 + 31485. What is the highest common divisor of 18 and g?
18
Let y be (-762)/(-2)*(-44)/(-66). Suppose -y - 66 = -10*i. Let l(n) = -n**2 + n + 64. Let w be l(0). Calculate the greatest common factor of i and w.
32
Let b be (((-8)/(-4) - 5) + 4)*7. Suppose 5256 = 2*s + b*s. Suppose 5*p = 241 + s. Calculate the greatest common factor of 15 and p.
15
Suppose 1278 + 222 = 4*i + 6*m, m - 2 = 0. Calculate the greatest common divisor of i and 12.
12
Let u = -1 + 6. Let a(j) = -j**2 - 186*j + 2177. Let w be a(11). What is the greatest common factor of w and u?
5
Suppose -2*r - 35 = -2*p - 5, 71 = -5*r + 4*p. Let a be -1 + 150 + (r - -10 - 3). Calculate the highest common divisor of 116 and a.
29
Suppose m = -3*y + 281, 3*m - 463 = -5*y + 4*m. Let w be y/9 - 4/12. What is the greatest common divisor of w and 35?
5
Let x = -7932 + 8364. What is the greatest common divisor of 2862 and x?
54
Let d be (-156)/5*(-2 - (-23)/69). Suppose -f = -2*r - 101, r = 5*f - 2*r - 470. Calculate the greatest common divisor of f and d.
13
Let p = -11777 + 13375. Calculate the greatest common divisor of 1054 and p.
34
Let d = 263 + -5. Suppose 7*g - d = -6. Suppose 3*p - 3*r = -8*r + 27, 0 = -4*p + 3*r + g. What is the greatest common divisor of 117 and p?
9
Let g = 969 + -452. Let l = -511 + g. What is the highest common factor of l and 26?
2
Suppose 229*z - 1050504 = 7*z. Calculate the highest common divisor of 16 and z.
4
Suppose 5*u = -3*c + 894, 2*u - 5*c + 1612 = 11*u. Calculate the highest common factor of 35502 and u.
183
Suppose 10*b + 1505 = 17*b. Let i = b - 212. Suppose a + 5 = 3*a - h, -4*a + 4*h + 16 = 0. What is the highest common divisor of i and a?
1
Suppose -2*v + 0*v + 2*h = -8, -4*v + 26 = h. Let l be 111 - 9 - -4 - v. Calculate the highest common divisor of l and 425.
25
Let k = -1241 + 1280. Calculate the greatest common factor of 338 and k.
13
Let d be 7*2/(-4) - 117/(-78). Let c be (0/(-7) + 2/d)*1. Let k be -1*10*((-48)/(-30))/c. Calculate the highest common factor of 12 and k.
4
Suppose 4*a - 62524 = -4*l, 5*a - 18 = -63. Calculate the highest common factor of l and 408.
136
Let f = 356 + -171. Suppose 0 = -3*l - f + 221. Calculate the highest common divisor of 36 and l.
12
Let k be -7 + 715/99 + (-34)/(-9). Suppose 2*r - 4*t - 22 = 0, r + 2*r = k*t + 33. What is the highest common factor of 352 and r?
11
Suppose -8749 = -6*y + 995. Suppose -5*g + y = u, 0 = g - 3*u + 8*u - 320. What is the highest common divisor of g and 130?
65
Let q be -54*(1 + 20/(-6)). Let w be 31 - 21 - (-42 - -7 - 9). Calculate the highest common factor of w and q.
18
Let u be -7 + 6 + -4 + 275. Suppose 3*y - 280 = -3*l + 128, u = 2*y + 3*l. Calculate the greatest common divisor of y and 483.
69
Suppose -94 = -2*g + 5*j, 28*g - 33*g + j + 258 = 0. Calculate the highest common divisor of 6318 and g.
26
Suppose 11*w + 5*i - 22 = 8*w, -24 = -3*w - 3*i. What is the greatest common divisor of 33381 and w?
9
Suppose 3*s + 4*r = 454, 6005*r - 6006*r = -4*s + 599. What is the greatest common divisor of 138 and s?
6
Suppose 4*x + 142 = 686. Let c(p) = 2*p + 2. Let g be c(-2). Let o be g + -2 + 2 - -19. What is the greatest common factor of o and x?
17
Let v = -2586 - -3066. Calculate the greatest common factor of v and 195.
15
Suppose 1159 = 22*f + 279. Let t be (-9)/6*(-4)/3. Suppose -6*c = -t*c - 32. Calculate the greatest common divisor of c and f.
8
Let r = -25511 + 25793. Let g(s) = -2*s - 8. Let i be g(-7). Calculate the greatest common factor of i and r.
6
Let n(t) = 12*t + 267. Suppose -64 = -7*x - 106. Let c be n(x). What is the greatest common divisor of c and 15?
15
Let d = -1658 - -3197. What is the greatest common factor of d and 342?
171
Suppose -7*z - 60 = -4. Let x be (-22)/(-4) - (-4)/z. Suppose -5*u + 15 = 3*m - 30, -4*m + 50 = x*u. Calculate the highest common factor of 42 and u.
6
Suppose -19*s + 13108 = 4924 - 6009. What is the greatest common divisor of s and 9?
9
Suppose -4*m = 4*k - 188, 73*m - k = 76*m - 151. What is the highest common factor of m and 169?
13
Let p be (690/(-5))/((-14)/119). Let r = p - 468. What is the highest common divisor of 15 and r?
15
Suppose -3*s - 70 = -421. Suppose -38*q = -41*q + s. Let a = -99 - -528. Calculate the greatest common factor of q and a.
39
Let c = 134 + -132. Suppose 0 = m + b - 7, -2*b + 8 = c. What is the greatest common factor of 4 and m?
4
Suppose 2*r = -a + 132, -2*a - 2*r = r - 266. Let b be 5/((-15)/(-3)) + 7. Calculate the greatest common factor of b and a.
8
Let g(z) = -z**3 + 73*z**2 - 79*z + 530. Let n be g(72). Let l = 22 + -78. Let m = 9 - l. Calculate the greatest common factor of m and n.
13
Let b(k) = 57*k**2 - 1242*k - 30. Let h be b(22). What is the highest common factor of 14820 and h?
78
Let s be 2/(-7) - ((-200)/14 + -18). What is the greatest common divisor of s and 4?
4
Let y be ((-16)/(-24))/(6/657). Let x = y + -58. Let m be (114/(-18) - -4)/((-1)/x). What is the highest common factor of m and 14?
7
Let y(c) = -159*c**3 - 7*c**2 - c. Let m be ((-32)/12 + 3)*(-2 - 1). Let f be y(m). Suppose -5*g + 255 = -0*g. Calculate the highest common factor of g and f.
51
Suppose 4*j + 4*n + 64 = 7008, -2*n = -2*j + 3480. Calculate the highest common factor of 632 and j.
158
Let t be 500 + 1 + 1 + 20/(-4). Let f = 523 - t. What is the greatest common divisor of 1118 and f?
26
Suppose 2*x = 5*x. Suppose 0 = -c + 18 - x. Suppose 0*k - 2*y - c = -k, 2*y = 0. What is the highest common factor of 162 and k?
18
Let d(r) = 3*r - 13. Suppose -19 = -o - 2*o + 4*n, -4*o + 24 = -4*n. Let f be d(o). Suppose 2*v - 16 = -f*v. Calculate the highest common factor of v and 28.
4
Let t be (120/32)/((-27)/252)*76/(-5). Calculate the highest common factor of t and 589.
19
Let v = 16028 + -16020. Calculate the greatest common factor of v and 452.
4
Let p be (3/(-27)*-3)/(11/(-33)). Let s be 770 + p + 4 - (-1 - -4). Suppose -11*i = -220 - s. What is the highest common factor of i and 10?
10
Let t = 18 + 65. Let w be (10 - 0 - 14)*(-82 + -1). What is the greatest common divisor of w and t?
83
Let t be (-129)/3*(103 - 104). What is the greatest common divisor of 25843 and t?
43
Let v be (-4)/(-1) - 1*(-540)/9. Suppose -4*d = -36 - v. Calculate the highest common divisor of d and 75.
25
Let a = -15686 - -16052. Calculate the highest common divisor of a and 8662.
122
Suppose -108*z - 4*p - 42496 = -110*z, 3*z = p + 63744. What is the highest common divisor of z and 83?
83
Suppose l = -1, o - 4 = -0*l + l. Let u = 2336 + -2325. Suppose r - 19 = -3*q + 7, -o*q + u = -2*r. Calculate the highest common factor of q and 56.
7
Let o(x) = -x**2 - 7*x + 11. Let m(d) = d**2 - 10*d - 6. Suppose 6*s = s + 50. Let j be m(s). Let z be o(j). What is the highest common factor of 34 and z?
17
Let g be 2/(-6) + (-27347)/(-69). Let j be 92/2 + -3 + 1. What is the greatest common factor of j and g?
44
Suppose 0 = -11*u - 23*u - 986. Let n be (-124)/(-1798) - 1158/u. What is the highest common factor of 520 and n?
40
Suppose -665 + 2841 = 34*i. Suppose 0 = 7*j + 36 - i. What is the greatest common divisor of j and 1?
1
Suppose 106 = 3*h - 8*a + 6*a, -2*h + 2*a + 68 = 0. Calculate the greatest common divisor of h and 57.
19
Let a = 2029 + -1048. Suppose a = 31*b + 51. Calculate the highest common divisor of 156 and b.
6
Let h(u) = 56*u - 113. Let m be h(7). Calculate the greatest common divisor of m and 269